{"id":132,"date":"2023-08-19T11:53:53","date_gmt":"2023-08-19T11:53:53","guid":{"rendered":"https:\/\/kittyshop.hu\/?post_type=product&#038;p=132"},"modified":"2023-08-19T11:53:53","modified_gmt":"2023-08-19T11:53:53","slug":"fa-reszelo","status":"publish","type":"product","link":"https:\/\/kittyshop.hu\/?product=fa-reszelo","title":{"rendered":"FA RESZEL\u0150"},"content":{"rendered":"<p>V\u00c9KONY FA RESZEL\u0150.<\/p>\n<p>100\/180<\/p>\n","protected":false},"excerpt":{"rendered":"<p>V\u00c9KONY FA RESZEL\u0150.<\/p>\n<p>100\/180<\/p>\n","protected":false},"featured_media":134,"comment_status":"closed","ping_status":"closed","template":"","meta":{"_et_pb_use_builder":"","_et_pb_old_content":"","_et_gb_content_width":""},"product_cat":[34,25,42],"product_tag":[],"class_list":{"0":"post-132","1":"product","2":"type-product","3":"status-publish","4":"has-post-thumbnail","6":"product_cat-heti-akciok","7":"product_cat-mukormos-termekek","8":"product_cat-reszelok","10":"first","11":"instock","12":"shipping-taxable","13":"purchasable","14":"product-type-simple"},"_links":{"self":[{"href":"https:\/\/kittyshop.hu\/index.php?rest_route=\/wp\/v2\/product\/132","targetHints":{"allow":["GET"]}}],"collection":[{"href":"https:\/\/kittyshop.hu\/index.php?rest_route=\/wp\/v2\/product"}],"about":[{"href":"https:\/\/kittyshop.hu\/index.php?rest_route=\/wp\/v2\/types\/product"}],"replies":[{"embeddable":true,"href":"https:\/\/kittyshop.hu\/index.php?rest_route=%2Fwp%2Fv2%2Fcomments&post=132"}],"wp:featuredmedia":[{"embeddable":true,"href":"https:\/\/kittyshop.hu\/index.php?rest_route=\/wp\/v2\/media\/134"}],"wp:attachment":[{"href":"https:\/\/kittyshop.hu\/index.php?rest_route=%2Fwp%2Fv2%2Fmedia&parent=132"}],"wp:term":[{"taxonomy":"product_cat","embeddable":true,"href":"https:\/\/kittyshop.hu\/index.php?rest_route=%2Fwp%2Fv2%2Fproduct_cat&post=132"},{"taxonomy":"product_tag","embeddable":true,"href":"https:\/\/kittyshop.hu\/index.php?rest_route=%2Fwp%2Fv2%2Fproduct_tag&post=132"}],"curies":[{"name":"wp","href":"https:\/\/api.w.org\/{rel}","templated":true}]}}