{"id":249,"date":"2023-10-08T10:23:52","date_gmt":"2023-10-08T10:23:52","guid":{"rendered":"https:\/\/kittyshop.hu\/?post_type=product&#038;p=249"},"modified":"2023-10-08T10:23:52","modified_gmt":"2023-10-08T10:23:52","slug":"kave-falmatrica","status":"publish","type":"product","link":"https:\/\/kittyshop.hu\/?product=kave-falmatrica","title":{"rendered":"K\u00e1v\u00e9 falmatrica"},"content":{"rendered":"<p>K\u00f6nnyen haszn\u00e1lhat\u00f3, j\u00f3l ragad.<\/p>\n","protected":false},"excerpt":{"rendered":"<p>K\u00f6nnyen haszn\u00e1lhat\u00f3, j\u00f3l ragad.<\/p>\n","protected":false},"featured_media":244,"comment_status":"closed","ping_status":"closed","template":"","meta":{"_et_pb_use_builder":"","_et_pb_old_content":"","_et_gb_content_width":""},"product_cat":[43,34],"product_tag":[],"class_list":{"0":"post-249","1":"product","2":"type-product","3":"status-publish","4":"has-post-thumbnail","6":"product_cat-falmatricak","7":"product_cat-heti-akciok","9":"first","10":"instock","11":"shipping-taxable","12":"purchasable","13":"product-type-simple"},"_links":{"self":[{"href":"https:\/\/kittyshop.hu\/index.php?rest_route=\/wp\/v2\/product\/249","targetHints":{"allow":["GET"]}}],"collection":[{"href":"https:\/\/kittyshop.hu\/index.php?rest_route=\/wp\/v2\/product"}],"about":[{"href":"https:\/\/kittyshop.hu\/index.php?rest_route=\/wp\/v2\/types\/product"}],"replies":[{"embeddable":true,"href":"https:\/\/kittyshop.hu\/index.php?rest_route=%2Fwp%2Fv2%2Fcomments&post=249"}],"wp:featuredmedia":[{"embeddable":true,"href":"https:\/\/kittyshop.hu\/index.php?rest_route=\/wp\/v2\/media\/244"}],"wp:attachment":[{"href":"https:\/\/kittyshop.hu\/index.php?rest_route=%2Fwp%2Fv2%2Fmedia&parent=249"}],"wp:term":[{"taxonomy":"product_cat","embeddable":true,"href":"https:\/\/kittyshop.hu\/index.php?rest_route=%2Fwp%2Fv2%2Fproduct_cat&post=249"},{"taxonomy":"product_tag","embeddable":true,"href":"https:\/\/kittyshop.hu\/index.php?rest_route=%2Fwp%2Fv2%2Fproduct_tag&post=249"}],"curies":[{"name":"wp","href":"https:\/\/api.w.org\/{rel}","templated":true}]}}